hat is the thousands digit of 754325381?
5
What is the millions digit of 611415123?
1
What is the thousands digit of 80157947?
7
What is the billions digit of 1243492365?
1
What is the ten thousands digit of 111892361?
9
What is the tens digit of 987453268?
6
What is the hundred thousands digit of 22357624?
3
What is the ten millions digit of 1502492454?
0
What is the tens digit of 9021245?
4
What is the hundred millions digit of 984181537?
9
What is the tens digit of 18475275?
7
What is the hundreds digit of 130298046?
0
What is the ten millions digit of 10618751?
1
What is the hundreds digit of 49184127?
1
What is the tens digit of 40612423?
2
What is the millions digit of 225009886?
5
What is the ten millions digit of 29712603?
2
What is the millions digit of 52784621?
2
What is the ten millions digit of 469496365?
6
What is the hundred thousands digit of 250052084?
0
What is the tens digit of 1789688545?
4
What is the hundreds digit of 4109719731?
7
What is the ten thousands digit of 63111380?
1
What is the units digit of 644496172?
2
What is the ten millions digit of 20552587?
2
What is the tens digit of 204357328?
2
What is the hundred thousands digit of 119265992?
2
What is the units digit of 503899051?
1
What is the millions digit of 197903023?
7
What is the thousands digit of 260091462?
1
What is the ten millions digit of 46591984?
4
What is the ten thousands digit of 227790074?
9
What is the billions digit of 3901351752?
3
What is the hundred millions digit of 164564836?
1
What is the ten thousands digit of 1418540132?
4
What is the hundreds digit of 320083764?
7
What is the thousands digit of 46421211?
1
What is the millions digit of 78914049?
8
What is the units digit of 4480957841?
1
What is the units digit of 35140257?
7
What is the hundreds digit of 363671800?
8
What is the billions digit of 1730307267?
1
What is the thousands digit of 150200345?
0
What is the thousands digit of 1237400722?
0
What is the hundreds digit of 67751657?
6
What is the hundreds digit of 89807593?
5
What is the thousands digit of 87711632?
1
What is the millions digit of 134869258?
4
What is the units digit of 199346994?
4
What is the tens digit of 531069656?
5
What is the hundreds digit of 7767125?
1
What is the hundreds digit of 226575158?
1
What is the ten thousands digit of 217859596?
5
What is the tens digit of 4716556597?
9
What is the hundred thousands digit of 3108932006?
9
What is the hundreds digit of 3314748506?
5
What is the hundred thousands digit of 496431338?
4
What is the thousands digit of 639997106?
7
What is the hundreds digit of 557055856?
8
What is the billions digit of 1025266896?
1
What is the thousands digit of 126331516?
1
What is the ten thousands digit of 28711883?
1
What is the units digit of 2451824533?
3
What is the units digit of 75227208?
8
What is the units digit of 738727635?
5
What is the hundred thousands digit of 857577327?
5
What is the thousands digit of 1392559790?
9
What is the millions digit of 5901800061?
1
What is the millions digit of 50298096?
0
What is the millions digit of 249976345?
9
What is the hundreds digit of 630443109?
1
What is the ten thousands digit of 1339616994?
1
What is the tens digit of 3198760960?
6
What is the hundred thousands digit of 2131913653?
9
What is the millions digit of 56364010?
6
What is the hundreds digit of 68789844?
8
What is the billions digit of 2529609596?
2
What is the ten thousands digit of 104883244?
8
What is the hundred thousands digit of 1371213367?
2
What is the hundred millions digit of 1896753561?
8
What is the tens digit of 232898667?
6
What is the millions digit of 302778889?
2
What is the hundred millions digit of 1327039359?
3
What is the ten millions digit of 39303265?
3
What is the ten millions digit of 599788086?
9
What is the thousands digit of 42517136?
7
What is the millions digit of 16236384?
6
What is the hundred thousands digit of 849734280?
7
What is the billions digit of 3036946426?
3
What is the billions digit of 1088632263?
1
What is the thousands digit of 412785974?
5
What is the billions digit of 7640114575?
7
What is the thousands digit of 83538567?
8
What is the hundred millions digit of 670663392?
6
What is the tens digit of 2068128655?
5
What is the ten thousands digit of 1221746781?
4
What is the thousands digit of 312373035?
3
What is the units digit of 430295921?
1
What is the billions digit of 7983935254?
7
What is the thousands digit of 58873682?
3
What is the thousands digit of 1753610027?
0
What is the hundreds digit of 4618534?
5
What is the ten millions digit of 304834776?
0
What is the millions digit of 161314961?
1
What is the hundred millions digit of 1411107454?
4
What is the ten thousands digit of 806492538?
9
What is the hundred millions digit of 118838491?
1
What is the hundred thousands digit of 1418848965?
8
What is the hundred thousands digit of 89991066?
9
What is the millions digit of 120785294?
0
What is the thousands digit of 1014774986?
4
What is the units digit of 997577950?
0
What is the hundred thousands digit of 896530784?
5
What is the ten millions digit of 57223120?
5
What is the ten millions digit of 66116753?
6
What is the tens digit of 1222899001?
0
What is the ten thousands digit of 302924130?
2
What is the millions digit of 140216023?
0
What is the billions digit of 1063634518?
1
What is the millions digit of 16424796?
6
What is the tens digit of 80846125?
2
What is the ten thousands digit of 127493748?
9
What is the millions digit of 8853125304?
3
What is the billions digit of 6301668286?
6
What is the tens digit of 148239339?
3
What is the ten thousands digit of 20935391?
3
What is the billions digit of 5234137607?
5
What is the hundreds digit of 146977096?
0
What is the hundred thousands digit of 329795042?
7
What is the ten millions digit of 43861689?
4
What is the hundred thousands digit of 31827443?
8
What is the hundred thousands digit of 81648790?
6
What is the tens digit of 2068934590?
9
What is the hundred thousands digit of 341896193?
8
What is the thousands digit of 26284542?
4
What is the thousands digit of 1448767503?
7
What is the millions digit of 50736031?
0
What is the ten thousands digit of 996383203?
8
What is the ten thousands digit of 33048209?
4
What is the ten thousands digit of 41851583?
5
What is the hundreds digit of 175748092?
0
What is the ten thousands digit of 462280770?
8
What is the hundreds digit of 599122788?
7
What is the hundred millions digit of 122188344?
1
What is the millions digit of 1651686291?
1
What is the millions digit of 458511953?
8
What is the millions digit of 257138110?
7
What is the hundreds digit of 2590998604?
6
What is the ten thousands digit of 267075361?
7
What is the ten thousands digit of 458268255?
6
What is the hundreds digit of 3791921267?
2
What is the hundred millions digit of 887629966?
8
What is the tens digit of 736390810?
1
What is the thousands digit of 13964647?
4
What is the hundred thousands digit of 246363688?
3
What is the millions digit of 15734304?
5
What is the units digit of 25052566?
6
What is the ten millions digit of 118295681?
1
What is the hundred millions digit of 4849665684?
8
What is the billions digit of 1535023199?
1
What is the hundred millions digit of 763551142?
7
What is the hundred millions digit of 824058685?
8
What is the millions digit of 2400030708?
0
What is the hundred millions digit of 744945865?
7
What is the millions digit of 317489996?
7
What is the hundred millions digit of 625895397?
6
What is the ten millions digit of 639259058?
3
What is the tens digit of 500288802?
0
What is the thousands digit of 54782969?
2
What is the ten millions digit of 256016233?
5
What is the ten millions digit of 148926233?
4
What is the ten millions digit of 951682788?
5
What is the ten thousands digit of 3120378777?
7
What is the units digit of 727411316?
6
What is the tens digit of 19993779?
7
What is the thousands digit of 990049147?
9
What is the hundreds digit of 1054692889?
8
What is the hundred millions digit of 205757703?
2
What is the units digit of 314240300?
0
What is the ten thousands digit of 530821422?
2
What is the tens digit of 77926769?
6
What is the hundred thousands digit of 480089880?
0
What is the